he prime factors of c?
2, 3
Suppose -2*k - 3*p + 7017 = 1323, -4*k + p = -11416. Suppose -8*r - r + k = 0. Suppose q = 2*f + 105, -r = -4*q - f + 139. List the prime factors of q.
113
Suppose 4*j = 135*l - 132*l - 38, 59 = 4*l + 3*j. What are the prime factors of (-13 - -27)*1954/l?
2, 977
Let o = 4624 - 4573. Suppose 0 = -0*c - 4*c - 116. Let u = c + o. What are the prime factors of u?
2, 11
Let k be ((-2)/(-5))/(9/45). Suppose -4*x = -k*x. Suppose -2*n - 3*o + 108 = x, 2*o - 36 = -n + 17. List the prime factors of n.
3, 19
Let w = -28856 - -46137. List the prime factors of w.
11, 1571
Suppose -t = -72 - 10. Suppose -j = 5*w + t, -4*w + 0*j = 5*j + 53. What are the prime factors of (-10276)/(-68) - (-2)/w?
151
Suppose 0*y + 69*y = -18*y + 831459. List the prime factors of y.
19, 503
List the prime factors of ((-16)/(-4) + -269)/(4*10/(-1360)).
2, 5, 17, 53
Let j = 21 - 20. Let c be 1/((-1)/(-3)*j). Suppose -6*x + 1044 = c*x. List the prime factors of x.
2, 29
Let g = -1681 + 2407. Let w = g - -113. What are the prime factors of w?
839
Let l = 2717 + -2677. Let p = -18 + -5. Let g = p + l. List the prime factors of g.
17
Let o(k) = 72*k - 5. Let r(p) = 287*p - 20. Let g(s) = 9*o(s) - 2*r(s). List the prime factors of g(4).
3, 97
Let f(r) = -r**3 - 9*r**2 - 8*r + 46. Let z be f(-7). Suppose 0 = -z*v, 5*a - 10*v + 9*v = 2695. List the prime factors of a.
7, 11
What are the prime factors of 160518/(44/(-22))*(-2)/6?
31, 863
Suppose 3*y = 184*a - 182*a + 207, 5*a - 299 = -4*y. List the prime factors of y.
71
Let t(q) = q**3 - 2*q**2 + q + 282. Let l be 1*(-4 + 4)/(-5). Let y be t(l). Suppose 0 = 2*b + 4*k - y, k - 2 = -3. What are the prime factors of b?
11, 13
Let c = 273 - 254. Suppose -5*q = -5*t - 1970, 15 = -t + c. List the prime factors of q.
2, 199
Let g be ((-36)/15 - -4)/(4/10). Suppose 1 = -g*v + 149. What are the prime factors of -2 + (-4)/12*-3 + v?
2, 3
Let f(n) = -n**2 - 14*n + 53. Let b be f(-17). Suppose -3*k + 1581 = 5*r, -k = -b*r - r + 957. List the prime factors of r.
2, 3, 53
Let p = 8757 - 8108. List the prime factors of p.
11, 59
Let a = -10142 + 32807. What are the prime factors of a?
3, 5, 1511
Suppose -4*z + 1 = q, -3*z + 5*q + 16 = -2*z. Let g be (4/((-8)/6))/z + 5. Suppose -f = -0*o + 3*o - 270, 0 = 4*o - g*f - 350. List the prime factors of o.
89
Let u(j) = j**2 - 3*j - 55 + 0*j - 14*j - 3*j. What are the prime factors of u(24)?
41
Let n(l) = 9*l**3 + 9*l**2 - 66. List the prime factors of n(9).
2, 3, 7, 43
Let q = 7 - -1. Suppose 5*x + 4*j = 4820, 838 + 2982 = 4*x - 4*j. Suppose -q*v = -3*v - x. What are the prime factors of v?
2, 3
Let h(w) = 7046*w - 4 - 7046*w + 5*w**2. List the prime factors of h(6).
2, 11
Suppose -4*u - 16 = 0, -4*y + 2*u - 6*u + 20 = 0. Let w(t) = t**3 - 11*t**2 + 22*t - 5. Let m be w(y). Suppose 5*h + m - 336 = 0. List the prime factors of h.
61
Let k(n) = 4437*n**3 + 2*n**2 + n - 4. What are the prime factors of k(1)?
2, 1109
Let x(i) = -i**2 + i + 7. Let q be x(2). Let h(a) = 39*a - 44. List the prime factors of h(q).
151
Let n be (-2)/(-4) + 8/(48/51). List the prime factors of (-38258)/(-55) + n/(-15).
5, 139
Suppose 65 = -6*u + 161. Suppose -2*p = 4*f + p + 23, -2*f + 4*p + u = 0. List the prime factors of (-214)/f - (3 - -1).
103
Let d(z) = -19*z - 35. Let w be d(-19). Let r = 144 + w. What are the prime factors of r?
2, 5, 47
What are the prime factors of ((-1)/(-2) + 0)/(1 - (-115610)/(-115620))?
3, 41, 47
Let v be ((-8)/(-6))/(21/(-18837)). Let d = -550 - v. List the prime factors of d.
2, 17, 19
Suppose 2*y + 6 = -16. What are the prime factors of 2/y - 35955/(-99)?
3, 11
Let g(f) = -290*f**2 - 2*f + 1. Let d be g(1). Let r(c) = 143*c - 8. Let j be r(4). Let v = d + j. What are the prime factors of v?
3, 7, 13
Let j be (-15)/(0/(-2) + -1). Suppose 0 = -j*m - 73 + 448. What are the prime factors of m?
5
Let w(j) = 2714*j**2 + 594*j + 595. What are the prime factors of w(-1)?
3, 5, 181
Let f = 125 - 117. What are the prime factors of 227/4*(-4 - f - -20)?
2, 227
Let r(c) = -7 - 3 - 60*c + 2 + 18. Let m be r(-7). Let b = m - 236. List the prime factors of b.
2, 97
Let f(b) be the third derivative of b**6/120 - b**5/12 + b**4/8 - b**3/6 + 22*b**2. Let r be 46/8 - (-1)/(0 + 4). What are the prime factors of f(r)?
53
Let k(b) = 70*b**2 - 379*b + 44. What are the prime factors of k(13)?
6947
Suppose -121*y + 129289 = -422471. List the prime factors of y.
2, 3, 5, 19
Let c be (-2)/2*(-4 + -9 + 8). Suppose 2*o = -3*i + 1418, -4*i = -8*o + c*o + 2093. List the prime factors of o.
19, 37
Let w(a) = a**3 + a**2 - 3*a - 1. Let j be w(-2). Let h(g) = 3*g**3 + g**2 - 2*g + 1. Let c be h(j). List the prime factors of c/24 - 4444/(-32).
139
Let j be -42*-2*117/(-21). Let c = -284 - j. List the prime factors of c.
2, 23
Suppose 6*b - 13 - 5 = 0. Let y be (6 + 154/6)*b*1. Let l = -69 + y. What are the prime factors of l?
2, 13
Suppose -7*p - 30 = -4*o - 4*p, 14 = 4*o + 5*p. Suppose 0 = 4*y + 2*t - o*t + 28, 4*t - 20 = 0. Let v = y - -71. List the prime factors of v.
3, 23
Let x(s) = -5*s**3 - 19*s**2 + 11*s + 5. Let p(v) = 10*v**2 - 2 - 2*v + 0 + v + 2*v**3 - 4*v. Let f(m) = 7*p(m) + 3*x(m). What are the prime factors of f(12)?
11
Let l(m) be the third derivative of m**4/24 + 7*m**3/3 - 12*m**2. Let p be l(-9). Suppose 0 = -3*d + 9 - 3, -185 = -p*r - 5*d. List the prime factors of r.
5, 7
Let f(b) = -11 + b**3 - 20*b - 27*b + 10*b**2 + 41*b + 1. What are the prime factors of f(6)?
2, 5, 53
Let w = -28 + 20. Suppose -17 = 2*b - 13. What are the prime factors of ((-444)/w)/(b/(-4))?
3, 37
Let o = 426 + -426. Suppose o = -5*m - 0*m + 5285. List the prime factors of m.
7, 151
Let n = 97226 + -43176. List the prime factors of n.
2, 5, 23, 47
Let b be -3*((-14)/(-6) - 4). Let w(y) = y**3 - 5*y**2 - 2*y - 1. Let z be w(b). What are the prime factors of (-1970)/(-55) - 2/z?
2, 3
Let i = 26126 + -11479. What are the prime factors of i?
97, 151
Suppose -4*i - 3*b = -4*b - 9440, -3*b + 2373 = i. Let j = i - 1219. What are the prime factors of j?
2, 571
What are the prime factors of 3/(-6) + (-4493564)/(-72) + (-40)/360?
2, 5, 79
What are the prime factors of ((-206908)/130)/(6/(-45))?
3, 23, 173
Let g(l) be the first derivative of -1/4*l**4 - 1/2*l**2 + 16 + l + 2*l**3. List the prime factors of g(4).
29
Suppose n + 4*w = 1154 - 75, -2*w = -2*n + 2118. Let g = n - 740. What are the prime factors of g?
17, 19
Let g be ((-9)/(-3))/((-124)/(-56) + -2). Let k(d) = 6*d**2 - 7*d**2 + 0 - d - 18 + g*d. List the prime factors of k(8).
2, 11
Let q(r) = -27*r + 3. Let u(o) = -53*o + 8. Let c(i) = -9*q(i) + 4*u(i). List the prime factors of c(2).
67
Let m be (15/(-25))/(-1)*(7 - 2). Let i be (-2)/m*7/((-28)/18). Suppose 0 = 5*o - 4*o + 4*v - 101, -i*v - 597 = -5*o. What are the prime factors of o?
3, 13
What are the prime factors of 863136/208 - (-4)/13?
2, 5, 83
Let f(o) = 184*o**3 - o**2 - 9*o + 15. Let j be f(2). Suppose j = 2*g + n, 4*n = 2*g + 6*n - 1464. List the prime factors of g.
733
Let r(o) = 1 + 8*o - 9*o - 3*o. Let j be r(0). List the prime factors of (j + 0)*(162 + (-7 - -4)).
3, 53
Suppose -4*p + 4*i = -188 - 88, 0 = -3*i. Suppose -9*k - 15 = -p. Let r(h) = h**2 + 6*h - 6. What are the prime factors of r(k)?
2, 3, 11
Let a(g) = -g**3 + g**2 - 3*g + 4. Let p be a(2). Let r be ((-104)/(-14))/(p/(-21)). Suppose -4*z = -b + r, 2*b + 16 = 3*b + z. List the prime factors of b.
2, 3
Let a = 19235 + -9493. List the prime factors of a.
2, 4871
Suppose -5*u = -4*o + 179205, 10*o - 14*o + 179195 = 5*u. What are the prime factors of o?
2, 5, 7
Suppose 4*a + 10 + 2 = 0. Let s be (-1)/(3 + -1 + (-110)/15 + 5). What are the prime factors of (a - (s - -6))*11*-1?
2, 3, 11
Let r(m) = -m**3 - 23*m**2 + 24*m - 446. List the prime factors of r(-39).
2, 23, 499
Let a(z) be the second derivative of z**3/3 + 11*z**2/2 + 2*z. Let s be (-221)/26*1/(-3 + 20/8). List the prime factors of a(s).
3, 5
Let n = 12482 - 4537. What are the prime factors of n?
5, 7, 227
Let t = 17119 - 6633. List the prime factors of t.
2, 7, 107
Suppose 5*a - 4*t = -907, 2*t - 740 = 4*a + 6*t. Let f = 513 + a. What are the prime factors of f?
2, 3, 5, 11
Let j(k) = 7*k**2 + 8*k. Let x(b) = 6*b**2 + 7*b - 1. Let n(t) = -5*j(t) + 6*x(t). Let o(h) = -9*h + 2